{"id":2824,"date":"2022-07-14T12:38:37","date_gmt":"2022-07-14T12:38:37","guid":{"rendered":"https:\/\/le-moulin-a-poivre.fr\/?page_id=2824"},"modified":"2022-08-09T14:49:26","modified_gmt":"2022-08-09T14:49:26","slug":"le-pain-quatrieme-histoire-vraie","status":"publish","type":"page","link":"https:\/\/le-moulin-a-poivre.fr\/?page_id=2824","title":{"rendered":"Le pain 4\u00e8me histoire vraie"},"content":{"rendered":"<p>Bordeaux occup\u00e9, en 1941 : Avec notre m\u00e8re, nous marchions Cours d\u2019Albret, avec l\u2019intention de nous rendre Place Gambetta. Alors que nous approchions du croisement entre le Cours d\u2019Albret et la rue du Coq, (ou la rue Prosper ?) un petit camion plate-forme ralentit pour tourner dans cette rue. Sur la plate-forme \u00e0 l\u2019arri\u00e8re du camion \u00e9tait assis un homme en bleu de travail, adoss\u00e9 \u00e0 la cabine dans laquelle se trouvaient deux de ses camarades .<\/p>\n<p lang=\"zxx\">Lorsque le camion prit le virage, nous v\u00eemes rouler quelque chose qui, jusque l\u00e0, \u00e9tait rest\u00e9 \u00e0 c\u00f4t\u00e9 de l\u2019ouvrier assis : une miche de pain, qui tomba sur la chauss\u00e9e.<\/p>\n<p lang=\"zxx\">A peine le pain eut-il touch\u00e9 le pav\u00e9 bordelais qu\u2019un pi\u00e9ton, surgi je ne sais d\u2019o\u00f9, accourut, le ramassa et s\u2019enfuit devant nous sur le large trottoir du Cours d\u2019Albret o\u00f9 il disparut en un rien de temps, homme en gris parmi bien d\u2019autres \u2026<\/p>\n<p lang=\"zxx\">L\u2019ouvrier adoss\u00e9 \u00e0 la cabine frappa sur la lunette vitr\u00e9e qui le s\u00e9parait de ses compagnons pour les alerter ; mais il s\u2018\u00e9coula quelques secondes avant que le camion ne s\u2019arr\u00eate rue du Coq ; le temps que le pauvre gars explique les faits, le voleur devait \u00eatre loin. Les trois hommes jug\u00e8rent qu\u2019il \u00e9tait trop tard pour se lancer \u00e0 la poursuite du \u00abvoleur\u00bb ;\u00a0 ils red\u00e9marr\u00e8rent.<\/p>\n<p lang=\"zxx\">Faut-il parler ici de vol et de voleur ? En un temps o\u00f9 la ration quotidienne de pain \u00e9tait de 275 grammes pour la\u00a0 majorit\u00e9 des Fran\u00e7ais, de 350 grammes pour les travailleurs de force, o\u00f9 beaucoup de gens n\u2019avaient pas grand chose \u00e0 mettre sur leur pain (bis), il n\u2019y avait pas famine mais disette, ou comme on disait : \u201crestrictions\u201c ; c\u2018\u00e9tait plus ou moins les m\u00eames l\u00e9gumes qui revenaient au menu des citadins : rutabagas, raves, choux, carottes, topinambours, courgettes, salsifis, \u00e9pinards, etc , souvent des vari\u00e9t\u00e9s fourrag\u00e8res. Avec \u00e7a,\u00a0tr\u00e8s peu de viande, tr\u00e8s peu de beurre et d&#8217;huile, (denr\u00e9es rationn\u00e9es,) pas de caf\u00e9 mais de l&#8217;orge grill\u00e9, pas de chocolat, pas de sucre mais de la saccharine &#8230; Dans ma famille,\u00a0je sais que Maman, sachant que sa benjamine et surtout ses trois a\u00een\u00e9s \u00e9taient \u00e0 l\u2018\u00e2ge \u201c o\u00f9 l\u2019on d\u00e9vore,&#8221; craignait qu\u2019ils ne fussent sous-aliment\u00e9s et se privait pour eux ; ce qu\u2019elle paya cher par ce que notre dentiste appela \u00ab une fuite calcique \u00bb .<\/p>\n<p lang=\"zxx\">Pour en revenir \u00e0 l\u2019histoire du pain de la rue du Coq, ajoutons que le\u00a0 \u00a0 \u00a0 \u00a0 \u00a0 \u00a0 \u00a0 \u00a0\u00ab voleur \u00bb\u00a0 c\u00e9l\u00e9bra peut-\u00eatre cette aubaine, lui et les siens, le temps de quelques repas, mais il se peut aussi qu\u2019il ait vendu l\u2019objet du larcin au march\u00e9 noir, ou qu\u2019il l\u2019ait troqu\u00e9 contre autre chose avec un voisin. March\u00e9 noir ? c\u2019est un bien grand mot, vu la quantit\u00e9 tr\u00e8s restreinte. Rien \u00e0 voir avec les grands trafics louches impliquant l\u2019abattage clandestin de gros b\u00e9tail et autres ventes qui devaient procurer d\u2018\u00e9normes b\u00e9n\u00e9fices .<\/p>\n","protected":false},"excerpt":{"rendered":"<p>Bordeaux occup\u00e9, en 1941 : Avec notre m\u00e8re, nous marchions Cours d\u2019Albret, avec l\u2019intention de nous rendre Place Gambetta. Alors que nous approchions du croisement entre le Cours d\u2019Albret et la rue du Coq, (ou la rue Prosper ?) un petit camion plate-forme ralentit pour tourner dans cette rue. Sur la plate-forme \u00e0 l\u2019arri\u00e8re du &hellip; <a href=\"https:\/\/le-moulin-a-poivre.fr\/?page_id=2824\" class=\"more-link\">Continue reading <span class=\"screen-reader-text\">Le pain 4\u00e8me histoire vraie<\/span><\/a><\/p>\n","protected":false},"author":1,"featured_media":0,"parent":0,"menu_order":0,"comment_status":"closed","ping_status":"closed","template":"","meta":{"footnotes":""},"class_list":["post-2824","page","type-page","status-publish","hentry"],"_links":{"self":[{"href":"https:\/\/le-moulin-a-poivre.fr\/index.php?rest_route=\/wp\/v2\/pages\/2824","targetHints":{"allow":["GET"]}}],"collection":[{"href":"https:\/\/le-moulin-a-poivre.fr\/index.php?rest_route=\/wp\/v2\/pages"}],"about":[{"href":"https:\/\/le-moulin-a-poivre.fr\/index.php?rest_route=\/wp\/v2\/types\/page"}],"author":[{"embeddable":true,"href":"https:\/\/le-moulin-a-poivre.fr\/index.php?rest_route=\/wp\/v2\/users\/1"}],"replies":[{"embeddable":true,"href":"https:\/\/le-moulin-a-poivre.fr\/index.php?rest_route=%2Fwp%2Fv2%2Fcomments&post=2824"}],"version-history":[{"count":3,"href":"https:\/\/le-moulin-a-poivre.fr\/index.php?rest_route=\/wp\/v2\/pages\/2824\/revisions"}],"predecessor-version":[{"id":2881,"href":"https:\/\/le-moulin-a-poivre.fr\/index.php?rest_route=\/wp\/v2\/pages\/2824\/revisions\/2881"}],"wp:attachment":[{"href":"https:\/\/le-moulin-a-poivre.fr\/index.php?rest_route=%2Fwp%2Fv2%2Fmedia&parent=2824"}],"curies":[{"name":"wp","href":"https:\/\/api.w.org\/{rel}","templated":true}]}}