{"id":1857,"date":"2019-01-14T17:54:33","date_gmt":"2019-01-14T17:54:33","guid":{"rendered":"http:\/\/le-moulin-a-poivre.fr\/?page_id=1857"},"modified":"2022-08-13T08:44:55","modified_gmt":"2022-08-13T08:44:55","slug":"mon-bon-gros-chien","status":"publish","type":"page","link":"https:\/\/le-moulin-a-poivre.fr\/?page_id=1857","title":{"rendered":"Mon bon gros chien"},"content":{"rendered":"<p>Mon chien, mon bon gros chien,<br \/>\nQuand il m&#8217;entend de bon matin,<br \/>\nOuvre un \u0153il, puis vers moi s&#8217;\u00e9lance<br \/>\nEt d\u00e9borde d\u2019exub\u00e9rance :<br \/>\nIl crie, il pleure, il devient fou,<br \/>\nIl chante, il danse, il s&#8217;\u00e9merveille,<br \/>\nPuis, se dressant, il aime itou<br \/>\nMe chatouiller visage et cou<br \/>\nAvec bisous dans les oreilles !<\/p>\n<p>Mon chien, mon bon gros chien<br \/>\nVient pr\u00e8s de moi et se tortille ;<br \/>\nPosant sa t\u00eate sur mes genoux,<br \/>\nIl chavire, il fait les yeux doux :<br \/>\nFini la pluie, patron, le soleil brille,<br \/>\nLes giboul\u00e9es sont parties loin,<br \/>\nNous pouvons nous mettre en chemin,<br \/>\nJe fouillerai le c\u0153ur des haies<br \/>\nEt toi, de champignons tu auras ta po\u00eal\u00e9e.<\/p>\n<p>Mon chien, mon pauvre chien,<br \/>\nEst rest\u00e9 seul tout un matin ;<br \/>\nDans mon fauteuil s&#8217;est morfondu,<br \/>\nN&#8217;a rien mang\u00e9 et n&#8217;a rien bu;<br \/>\nNous entendant passer le seuil,<br \/>\nTout aussit\u00f4t il nous accueille :<br \/>\nUn patte dans sa gamelle,<br \/>\nIl en racle le carrelage,<br \/>\nQui ne comprendrait ce message ? (1)<\/p>\n<p>Dans ses bons jours, bon chien fid\u00e8le<br \/>\nIl m&#8217;apporte mes vieux chaussons,<br \/>\nHommage \u00e0 son ma\u00eetre et patron.<\/p>\n<p>Lentement vient mon bon gros chien<br \/>\nEt sa t\u00eate basse m&#8217;avoue :<br \/>\nOui, je suis sorti au jardin<br \/>\nDans la pluie, les flaques, la boue,<br \/>\nJ&#8217;ai cru entrevoir un lapin,<br \/>\nMais c&#8217;\u00e9tait le chat des voisins ;<br \/>\nAu lieu de chercher la bataille,<br \/>\nIl a fil\u00e9 dans les broussailles ;<br \/>\nJe n&#8217;ai pas compris tout de suite<br \/>\nLa perfidie de sa conduite ;<br \/>\nSachant que je serais grond\u00e9<br \/>\nDu haut d&#8217;un mur il souriait;<br \/>\nSur ce, j&#8217;ai sali des carreaux,<br \/>\nEt l&#8217;on m&#8217;a trait\u00e9 de &#8220;corniaud&#8221; .<\/p>\n<p>Mon chien, mon bon gros chien,<br \/>\nD&#8217;un jeu bruyant s&#8217;\u00e9vade enfin ;<br \/>\nIl s&#8217;affale \u00e0 mes pieds et l\u00e0, ses pleurs murmurent :<br \/>\nTu le sais, toi, tes trois gar\u00e7ons<br \/>\nMe m\u00e8nent parfois la vie dure,<br \/>\nMais devant eux, tu sais, je fonds.<br \/>\nQue devrai-je faire aujourd&#8217;hui ?<br \/>\nJe dois escorter le petit ;<br \/>\nApr\u00e8s, je r\u00e9p\u00e8te \u00e0 l&#8217;\u00e9cole :<br \/>\n(Du Grand M\u00e9chant Loup j&#8217;ai le r\u00f4le)<br \/>\nEt enfin j&#8217;irai au march\u00e9<br \/>\nAvec des sous dans mon panier.<br \/>\nGrandes joies, moments difficiles,<br \/>\nCe n&#8217;est pas un fleuve tranquille !<\/p>\n<p>(1) message envoy\u00e9 par un grand setter irlandais.<\/p>\n","protected":false},"excerpt":{"rendered":"<p>Mon chien, mon bon gros chien, Quand il m&#8217;entend de bon matin, Ouvre un \u0153il, puis vers moi s&#8217;\u00e9lance Et d\u00e9borde d\u2019exub\u00e9rance : Il crie, il pleure, il devient fou, Il chante, il danse, il s&#8217;\u00e9merveille, Puis, se dressant, il aime itou Me chatouiller visage et cou Avec bisous dans les oreilles ! Mon chien, &hellip; <a href=\"https:\/\/le-moulin-a-poivre.fr\/?page_id=1857\" class=\"more-link\">Continue reading <span class=\"screen-reader-text\">Mon bon gros chien<\/span><\/a><\/p>\n","protected":false},"author":1,"featured_media":0,"parent":0,"menu_order":0,"comment_status":"closed","ping_status":"closed","template":"","meta":{"footnotes":""},"class_list":["post-1857","page","type-page","status-publish","hentry"],"_links":{"self":[{"href":"https:\/\/le-moulin-a-poivre.fr\/index.php?rest_route=\/wp\/v2\/pages\/1857","targetHints":{"allow":["GET"]}}],"collection":[{"href":"https:\/\/le-moulin-a-poivre.fr\/index.php?rest_route=\/wp\/v2\/pages"}],"about":[{"href":"https:\/\/le-moulin-a-poivre.fr\/index.php?rest_route=\/wp\/v2\/types\/page"}],"author":[{"embeddable":true,"href":"https:\/\/le-moulin-a-poivre.fr\/index.php?rest_route=\/wp\/v2\/users\/1"}],"replies":[{"embeddable":true,"href":"https:\/\/le-moulin-a-poivre.fr\/index.php?rest_route=%2Fwp%2Fv2%2Fcomments&post=1857"}],"version-history":[{"count":24,"href":"https:\/\/le-moulin-a-poivre.fr\/index.php?rest_route=\/wp\/v2\/pages\/1857\/revisions"}],"predecessor-version":[{"id":2893,"href":"https:\/\/le-moulin-a-poivre.fr\/index.php?rest_route=\/wp\/v2\/pages\/1857\/revisions\/2893"}],"wp:attachment":[{"href":"https:\/\/le-moulin-a-poivre.fr\/index.php?rest_route=%2Fwp%2Fv2%2Fmedia&parent=1857"}],"curies":[{"name":"wp","href":"https:\/\/api.w.org\/{rel}","templated":true}]}}